git of k?
0
Suppose -7*j + j = -3846. What is the hundreds digit of j?
6
Let m be 36/((-68)/(-20) + -3). Let u = 146 - m. Suppose -u = -h - 14. What is the units digit of h?
2
Let f = 288 - 50. Let x = -15 + f. What is the units digit of x?
3
Let w be 25 - (-4)/(-4)*-3. Suppose -2 = -6*x + w. Suppose 4*c + 17 = x*c. What is the tens digit of c?
1
Suppose -3*c + 57 = 48. Suppose 9*z - v = 4*z + 631, -c*z + v + 379 = 0. What is the units digit of z?
6
Let v(s) = s**3 + 17*s**2 - 4*s - 23. Let q(w) = w**3 + 17*w**2 - 3*w - 24. Let k(l) = -4*q(l) + 5*v(l). What is the hundreds digit of k(-17)?
1
Let q be ((-4)/5)/(2/5). What is the units digit of 2/q + 3 - -172?
4
Let t(l) = 2*l**3 - 2*l**2 - 4*l - 17. What is the hundreds digit of t(7)?
5
Suppose 2*m + m + 3 = 0, m = u - 449. What is the tens digit of u?
4
Let y be (-2)/1 - (59 + -12). Suppose -h + 31 - 139 = 0. Let b = y - h. What is the tens digit of b?
5
Suppose 0 = -3*z - 3*f + 2 + 10, 0 = 4*z + 5*f - 13. Suppose 4 = 2*c, -3*y + z = -4*c + 66. Let g = -15 - y. What is the units digit of g?
2
Let p(q) = 12*q**2 - q + 4580. What is the tens digit of p(0)?
8
What is the units digit of 38/12*-57*(-1 - 1)?
1
Let h(n) = n**2 - 4*n - 4. Let z be h(-3). Suppose z*r = 13*r + 276. What is the tens digit of r?
6
Let w = -88 + 93. Let k(s) = 5*s**2 + 11*s - 3. What is the hundreds digit of k(w)?
1
Let f(s) = -37*s**3 + 1. Let c be f(-1). Let d be (-2 + c)*5/5. Suppose -4*h = -0*h - d. What is the units digit of h?
9
What is the tens digit of 2 - -742 - 4 - -3?
4
Let h = -29 - -116. Suppose 4*d - h = -u, u + 2*d - 6*d - 103 = 0. What is the units digit of u?
5
Let w = 254 + 691. What is the units digit of w?
5
Let y = 36 + -33. Suppose 0 = -4*z + 5*t - 103 + 543, -y*z - t + 311 = 0. What is the units digit of z?
5
Let c be ((-141)/12 + -1 + 4)*-60. Suppose -3*w - c = -8*w. What is the tens digit of w?
0
Suppose 306 + 14 = 10*g. Suppose 3*o + 5*p = 46, 0 = -3*o + o - 4*p + g. What is the tens digit of o?
1
Let c = 103 + -99. Suppose -s = c*f - 34, -15*s + f = -17*s + 82. What is the units digit of s?
2
Let f = -125 - -71. Let m = 11 + -19. What is the units digit of f/12*m/6?
6
Suppose f = -g + 63, g - 6*g + 4*f = -333. Suppose 80 = 5*j - g. Suppose s = -6 + j. What is the tens digit of s?
2
Suppose 27114 = 11*r + 4388. What is the hundreds digit of r?
0
Let a = -32 - -71. Suppose 16 = a*h - 35*h. Suppose 3*j + 0*c - 89 = -h*c, 2*c - 27 = -j. What is the units digit of j?
5
What is the units digit of ((-30)/(-75))/(3/7245)?
6
Suppose -q + 4 - 2 = 0. Let f(z) = -30*z + 2. Let h be f(q). What is the units digit of 14/(-21) + h/(-6)?
9
Let q(u) = u**3 + 37*u**2 + 47*u + 36. Let d be q(-36). Suppose 7*a - 3*a = 5*j - 100, 0 = -3*j - 4*a + 28. What is the tens digit of (-1)/2 - d/j?
2
Let g = -86 - -89. Let o be 193/3 - 6/(-9). Suppose -r - 8 = g*r, o = z - 3*r. What is the units digit of z?
9
Let h(v) be the third derivative of -v**4/12 + 2*v**3/3 - 6*v**2. Let m be h(3). Let q(p) = -p**3 - p**2 + 3*p + 3. What is the units digit of q(m)?
1
Suppose a - 469 = -138. Let y = a + -83. What is the units digit of y?
8
Let t = 210 + -85. What is the units digit of 9/(-3) - t/(-5)?
2
Suppose -2*m + 59 = -3*d, -2*d + 38 = -2*m + 96. What is the tens digit of m?
2
Suppose -n + 3*n + 3*a = -21, a = -4*n - 17. Let o be n + (0 - (-24 - 2)). Suppose -o = -5*v + 97. What is the tens digit of v?
2
What is the tens digit of (-4288)/(-7) + (108/63)/(-3)?
1
Let k(o) = -51*o + 138. What is the thousands digit of k(-30)?
1
Let f(i) = -8*i + 3. Let y be f(-3). Suppose -6 = 3*d + 5*z, z + y = 4*d - 4*z. Let a(x) = 2*x + 4. What is the tens digit of a(d)?
1
Let v(b) = -146*b - 276. What is the tens digit of v(-10)?
8
Suppose 59280 = 52*l - 36*l. What is the thousands digit of l?
3
Let p(h) = h**3 - 18*h + 8. What is the tens digit of p(6)?
1
Let t be 3/3 + -4 + -1. Let d(x) = -2*x**3 + 4*x**2 + 5*x + 1. What is the hundreds digit of d(t)?
1
Let q = 194 - -16. Let h = q + -142. What is the units digit of h?
8
What is the units digit of (4*5/30)/((-3)/(-810))?
0
Suppose 0 = -7*c - 10 + 66. Suppose -m + 5*m + c = 0, 3*m = -5*p + 679. What is the tens digit of p?
3
Let c(x) = -3*x + 13. Let w(l) = l**3 + l**2 + l + 1. Let t be w(-1). Let b be (t - 5)/(-5)*-5. What is the units digit of c(b)?
8
Let z be (2 - -2)/(2/(-5)). Let c(d) = 22*d + 915. Let n be c(-45). What is the units digit of z/n - 984/(-45)?
2
Let y = 92 - 71. Suppose -h = o - y - 36, 12 = 4*h. What is the units digit of o?
4
Suppose -216 = -12*t - 288. Suppose 12 = -v - 0*v. Let i = t - v. What is the units digit of i?
6
Let f(k) = -k**2 - 12*k - 15. Let z be f(-10). Suppose -5*c + 0*c - 99 = 2*g, z*g = -3*c - 238. Let y = -23 - g. What is the units digit of y?
4
Let t(a) = -270*a + 69. What is the thousands digit of t(-10)?
2
Suppose -6*o = -4*i + 1134, -i - 3*o = -0*i - 297. What is the hundreds digit of i?
2
Let f = 363 + 547. What is the tens digit of f?
1
Let z be -3*57/(12/(-4)). Let x = -43 + z. What is the units digit of x?
4
Let k be 2 + ((-20)/(-5) - 2). Suppose 3*y + b - 433 = -3*b, 0 = -k*y + b + 590. What is the hundreds digit of y?
1
Let x = -35 + 34. What is the units digit of 75 + ((-1)/1 - x)?
5
Let z(s) = -2*s**3 - 17*s**2 - s - 22. What is the hundreds digit of z(-12)?
9
Let x be 2/10 - (-1324)/5. Suppose -5*n - x = i + 3*i, -3*n = 3. Let j = -39 - i. What is the tens digit of j?
2
Let w(u) = 8*u + 2. Let h be w(1). Suppose 3*y = h + 8. What is the units digit of y?
6
Let w be -3 - (-7 + (0 - -2)). Suppose 0 = w*n - 10, 3*m - 3 = -5*n + 37. Suppose 0*o + 41 = c + o, 5*c = m*o + 245. What is the tens digit of c?
4
Let y be (-264)/(-68) - (-8)/68. Suppose 0 = y*u - 5*l - 915, 3*u - 922 + 250 = -l. What is the tens digit of u?
2
What is the tens digit of (-9*(-1)/15)/(4/7900)?
8
Let s(q) = q**2 - 17*q + 4. Let b be s(17). Suppose -p + 5*p = -b*y + 336, -252 = -3*y + p. What is the tens digit of y?
8
Let t(r) = 2*r + 2 - r - 18 - 6*r. What is the tens digit of t(-6)?
1
Suppose g = -2*j + 683, -j + 352 = -g + 15. What is the units digit of j?
0
Suppose -3*p - a + 0*a = 0, -4*a = 3*p. Suppose -2*l + 8 = p, l + 4 + 2 = 2*r. Let v(s) = s**3 - 3*s**2 - 5*s + 7. What is the tens digit of v(r)?
3
Suppose 3*v + 1716 = -10*v. Let w = v - -330. What is the hundreds digit of w?
1
Let z be 18 - (-3 - (2 - 9)). Suppose 18*o - z*o = 88. What is the tens digit of o?
2
Let p be (12/(-15))/(8/140). Let y = 52 - p. What is the tens digit of y?
6
Let b(m) = 2*m**2 + 5*m - 2. Let s be b(-4). What is the tens digit of (s - 2)/((-3)/(-15))?
4
Let n be (-99)/(-2) + -2 - (-16)/(-32). Suppose -2*b + b = -n. What is the tens digit of b?
4
Suppose 154 = -4*s + 1254. Suppose -2*l = 5*i - 205, 3*i - 4*i = 3*l - s. What is the units digit of l?
0
What is the hundreds digit of (-4814)/(-12) + 9/(-54)?
4
Let a(o) = 5*o + 26. Let q be a(-17). Let i = 68 + q. What is the units digit of i?
9
Suppose 4*p = -30 - 34. Let f be (-714)/28*p/3. Suppose 0 = w + 3*w - f. What is the tens digit of w?
3
Let w be (-25)/((-35)/7) + 2*-1. Let i(b) = 21*b + 1. Let n be i(1). Suppose j = -x + n, 0*j - j = w*x - 16. What is the units digit of j?
5
Let r(j) = 38 + 6*j - 20*j + 21*j. What is the units digit of r(17)?
7
Let b = -29 + 33. Suppose -4*z + 5*y + 117 = 0, b = 3*y - 7*y. What is the tens digit of z?
2
Let q(j) = 3*j**2 + 6*j + 14. What is the tens digit of q(-10)?
5
Let y(g) = 1012*g**2 - 7*g + 4. What is the hundreds digit of y(1)?
0
Let h(q) = -q**2 + 7*q - 22. Let d be h(4). What is the units digit of 108/d*10/(-3)?
6
What is the tens digit of 908 - 63/(-28)*(-20)/15?
0
Let t(h) = 10*h**3 + 2*h**2 + h - 2. Let d be t(2). Suppose -7*w = -3*w - d. Suppose 0 = -g + 3*x - 5, -4*g - 2*x + w = -0*x. What is the units digit of g?
4
Suppose 4*z - 84 = 44. Let y = z - 29. What is the units digit of y?
3
Suppose -6*w - 2*w = -128. Let g(z) = 2*z + 39. What is the units digit of g(w)?
1
Let p(g) = 3*g**2 - 2*g + 38. What is the units digit of p(17)?
1
Let w(f) = -f + 2. Let c be w(0). Suppose c*d + p = 7, -5*d - 5*p = -3*d - 11. What is the units digit of (-1)/(3/(-34))*d?
4
Let t = -82 - -91. Let v(k) = -7*k**3 - 29*k**2 + 15*k - 11. Let u(n) = -3*n**3 - 14*n**2 + 8*n - 5. Let p(b) = 9*u(b) - 4*v(b). Wha